{"version":"1.0","provider_name":"Gerama","provider_url":"https:\/\/gerama.ch\/de\/","author_name":"Script Import Locations IDX","author_url":"https:\/\/gerama.ch\/de\/author\/immomig-gerama-03\/","title":"Surface commerciale avec vitrine &#8211; MIETEN Gewerbe\/B\u00fcros &#8211; Fribourg &#8211; Freiburg &#8211; Gerama","type":"rich","width":600,"height":338,"html":"<blockquote class=\"wp-embedded-content\" data-secret=\"vTkeQxkj2k\"><a href=\"https:\/\/gerama.ch\/de\/estate_property-de\/01-001314-011001-de\/\">Surface commerciale avec vitrine<\/a><\/blockquote><iframe sandbox=\"allow-scripts\" security=\"restricted\" src=\"https:\/\/gerama.ch\/de\/estate_property-de\/01-001314-011001-de\/embed\/#?secret=vTkeQxkj2k\" width=\"600\" height=\"338\" title=\"&#8222;Surface commerciale avec vitrine&#8220; &#8211; Gerama\" data-secret=\"vTkeQxkj2k\" frameborder=\"0\" marginwidth=\"0\" marginheight=\"0\" scrolling=\"no\" class=\"wp-embedded-content\"><\/iframe><script>\n\/*! This file is auto-generated *\/\n!function(d,l){\"use strict\";l.querySelector&&d.addEventListener&&\"undefined\"!=typeof URL&&(d.wp=d.wp||{},d.wp.receiveEmbedMessage||(d.wp.receiveEmbedMessage=function(e){var t=e.data;if((t||t.secret||t.message||t.value)&&!\/[^a-zA-Z0-9]\/.test(t.secret)){for(var s,r,n,a=l.querySelectorAll('iframe[data-secret=\"'+t.secret+'\"]'),o=l.querySelectorAll('blockquote[data-secret=\"'+t.secret+'\"]'),c=new RegExp(\"^https?:$\",\"i\"),i=0;i<o.length;i++)o[i].style.display=\"none\";for(i=0;i<a.length;i++)s=a[i],e.source===s.contentWindow&&(s.removeAttribute(\"style\"),\"height\"===t.message?(1e3<(r=parseInt(t.value,10))?r=1e3:~~r<200&&(r=200),s.height=r):\"link\"===t.message&&(r=new URL(s.getAttribute(\"src\")),n=new URL(t.value),c.test(n.protocol))&&n.host===r.host&&l.activeElement===s&&(d.top.location.href=t.value))}},d.addEventListener(\"message\",d.wp.receiveEmbedMessage,!1),l.addEventListener(\"DOMContentLoaded\",function(){for(var e,t,s=l.querySelectorAll(\"iframe.wp-embedded-content\"),r=0;r<s.length;r++)(t=(e=s[r]).getAttribute(\"data-secret\"))||(t=Math.random().toString(36).substring(2,12),e.src+=\"#?secret=\"+t,e.setAttribute(\"data-secret\",t)),e.contentWindow.postMessage({message:\"ready\",secret:t},\"*\")},!1)))}(window,document);\n\/\/# sourceURL=https:\/\/gerama.ch\/wp-includes\/js\/wp-embed.min.js\n<\/script>\n","thumbnail_url":"https:\/\/gerama.ch\/wp-content\/uploads\/2026\/09\/ff0000000049617090-768x511.jpg","thumbnail_width":600,"thumbnail_height":399,"description":"Id\u00e9alement situ\u00e9e au rez-de-chauss\u00e9e d\u2019un immeuble au centre de Fribourg, cette surface commerciale b\u00e9n\u00e9ficie d\u2019un emplacement strat\u00e9gique avec vitrine sur rue et excellente visibilit\u00e9. La rue Saint-Pierre se situe dans un secteur cl\u00e9, assurant la liaison entre la gare et la vieille ville, dans une zone \u00e0 forte densit\u00e9 et tr\u00e8s fr\u00e9quent\u00e9e. Le Square des Places adjacent accueille pr\u00e8s de 9\u2019000 v\u00e9hicules par jour, ..."}

Surface commerciale avec vitrine &#8211; MIETEN Gewerbe/Büros &#8211; Fribourg &#8211; Freiburg &#8211; Gerama

Idéalement située au rez-de-chaussée d’un immeuble au centre de Fribourg, cette surface commerciale bénéficie d’un emplacement stratégique avec vitrine sur rue et excellente visibilité. La rue Saint-Pierre se situe dans un secteur clé, assurant la liaison entre la gare et la vieille ville, dans une zone à forte densité et très fréquentée. Le Square des Places adjacent accueille près de 9’000 véhicules par jour, ...
