{"version":"1.0","provider_name":"Gerama","provider_url":"https:\/\/gerama.ch\/de\/","author_name":"Script Import Locations IDX","author_url":"https:\/\/gerama.ch\/de\/author\/immomig-gerama-03\/","title":"Appartement de 2.5 pi\u00e8ces au 2\u00e8me \u00e9tage &#8211; MIETEN Wohnungen &#8211; Payerne &#8211; Waadt &#8211; Gerama","type":"rich","width":600,"height":338,"html":"<blockquote class=\"wp-embedded-content\" data-secret=\"hhTTWvnX8c\"><a href=\"https:\/\/gerama.ch\/de\/estate_property-de\/01-004311-011201-de\/\">Appartement de 2.5 pi\u00e8ces au 2\u00e8me \u00e9tage<\/a><\/blockquote><iframe sandbox=\"allow-scripts\" security=\"restricted\" src=\"https:\/\/gerama.ch\/de\/estate_property-de\/01-004311-011201-de\/embed\/#?secret=hhTTWvnX8c\" width=\"600\" height=\"338\" title=\"&#8222;Appartement de 2.5 pi\u00e8ces au 2\u00e8me \u00e9tage&#8220; &#8211; Gerama\" data-secret=\"hhTTWvnX8c\" frameborder=\"0\" marginwidth=\"0\" marginheight=\"0\" scrolling=\"no\" class=\"wp-embedded-content\"><\/iframe><script type=\"text\/javascript\">\n\/* <![CDATA[ *\/\n\/*! This file is auto-generated *\/\n!function(d,l){\"use strict\";l.querySelector&&d.addEventListener&&\"undefined\"!=typeof URL&&(d.wp=d.wp||{},d.wp.receiveEmbedMessage||(d.wp.receiveEmbedMessage=function(e){var t=e.data;if((t||t.secret||t.message||t.value)&&!\/[^a-zA-Z0-9]\/.test(t.secret)){for(var s,r,n,a=l.querySelectorAll('iframe[data-secret=\"'+t.secret+'\"]'),o=l.querySelectorAll('blockquote[data-secret=\"'+t.secret+'\"]'),c=new RegExp(\"^https?:$\",\"i\"),i=0;i<o.length;i++)o[i].style.display=\"none\";for(i=0;i<a.length;i++)s=a[i],e.source===s.contentWindow&&(s.removeAttribute(\"style\"),\"height\"===t.message?(1e3<(r=parseInt(t.value,10))?r=1e3:~~r<200&&(r=200),s.height=r):\"link\"===t.message&&(r=new URL(s.getAttribute(\"src\")),n=new URL(t.value),c.test(n.protocol))&&n.host===r.host&&l.activeElement===s&&(d.top.location.href=t.value))}},d.addEventListener(\"message\",d.wp.receiveEmbedMessage,!1),l.addEventListener(\"DOMContentLoaded\",function(){for(var e,t,s=l.querySelectorAll(\"iframe.wp-embedded-content\"),r=0;r<s.length;r++)(t=(e=s[r]).getAttribute(\"data-secret\"))||(t=Math.random().toString(36).substring(2,12),e.src+=\"#?secret=\"+t,e.setAttribute(\"data-secret\",t)),e.contentWindow.postMessage({message:\"ready\",secret:t},\"*\")},!1)))}(window,document);\n\/\/# sourceURL=https:\/\/gerama.ch\/wp-includes\/js\/wp-embed.min.js\n\/* ]]> *\/\n<\/script>\n","thumbnail_url":"https:\/\/gerama.ch\/wp-content\/uploads\/2026\/04\/ff0000000035480200-768x1024.jpg","thumbnail_width":600,"thumbnail_height":800,"description":"Dans un immeuble bien situ\u00e9 de la commune de Payerne, \u00e0 proximit\u00e9 imm\u00e9diate des commodit\u00e9s, des transports publics et des axes routiers, ce bel appartement de 2.5 pi\u00e8ces au 2\u00e8me \u00e9tage offre un cadre de vie pratique et confortable. La ville de Payerne est un centre dynamique de la Broye vaudoise, disposant de nombreux commerces, \u00e9coles, services et d\u2019une bonne desserte en transports, notamment ..."}

Appartement de 2.5 pièces au 2ème étage &#8211; MIETEN Wohnungen &#8211; Payerne &#8211; Waadt &#8211; Gerama

<blockquote class="wp-embedded-content" data-secret="hhTTWvnX8c"><a href="https://gerama.ch/de/estate_property-de/01-004311-011201-de/">Appartement de 2.5 pièces au 2ème étage</a></blockquote><iframe sandbox="allow-scripts" security="restricted" src="https://gerama.ch/de/estate_property-de/01-004311-011201-de/embed/#?secret=hhTTWvnX8c" width="600" height="338" title="&#8222;Appartement de 2.5 pièces au 2ème étage&#8220; &#8211; Gerama" data-secret="hhTTWvnX8c" frameborder="0" marginwidth="0" marginheight="0" scrolling="no" class="wp-embedded-content"></iframe><script type="text/javascript">
/* <![CDATA[ */
/*! This file is auto-generated */
!function(d,l){"use strict";l.querySelector&&d.addEventListener&&"undefined"!=typeof URL&&(d.wp=d.wp||{},d.wp.receiveEmbedMessage||(d.wp.receiveEmbedMessage=function(e){var t=e.data;if((t||t.secret||t.message||t.value)&&!/[^a-zA-Z0-9]/.test(t.secret)){for(var s,r,n,a=l.querySelectorAll('iframe[data-secret="'+t.secret+'"]'),o=l.querySelectorAll('blockquote[data-secret="'+t.secret+'"]'),c=new RegExp("^https?:$","i"),i=0;i<o.length;i++)o[i].style.display="none";for(i=0;i<a.length;i++)s=a[i],e.source===s.contentWindow&&(s.removeAttribute("style"),"height"===t.message?(1e3<(r=parseInt(t.value,10))?r=1e3:~~r<200&&(r=200),s.height=r):"link"===t.message&&(r=new URL(s.getAttribute("src")),n=new URL(t.value),c.test(n.protocol))&&n.host===r.host&&l.activeElement===s&&(d.top.location.href=t.value))}},d.addEventListener("message",d.wp.receiveEmbedMessage,!1),l.addEventListener("DOMContentLoaded",function(){for(var e,t,s=l.querySelectorAll("iframe.wp-embedded-content"),r=0;r<s.length;r++)(t=(e=s[r]).getAttribute("data-secret"))||(t=Math.random().toString(36).substring(2,12),e.src+="#?secret="+t,e.setAttribute("data-secret",t)),e.contentWindow.postMessage({message:"ready",secret:t},"*")},!1)))}(window,document);
//# sourceURL=https://gerama.ch/wp-includes/js/wp-embed.min.js
/* ]]> */
</script>

Dans un immeuble bien situé de la commune de Payerne, à proximité immédiate des commodités, des transports publics et des axes routiers, ce bel appartement de 2.5 pièces au 2ème étage offre un cadre de vie pratique et confortable. La ville de Payerne est un centre dynamique de la Broye vaudoise, disposant de nombreux commerces, écoles, services et d’une bonne desserte en transports, notamment ...
