{"version":"1.0","provider_name":"Gerama","provider_url":"https:\/\/gerama.ch\/de\/","author_name":"Script Import Achats IMMOMIG","author_url":"https:\/\/gerama.ch\/de\/author\/immomig-gerama-01\/","title":"&nbsp; &#8211; KAUFEN Wohnungen &#8211; Fribourg &#8211; Freiburg &#8211; Gerama","type":"rich","width":600,"height":338,"html":"<blockquote class=\"wp-embedded-content\" data-secret=\"cYsDb9dw7E\"><a href=\"https:\/\/gerama.ch\/de\/estate_property-de\/5276063-de\/\">&nbsp;<\/a><\/blockquote><iframe sandbox=\"allow-scripts\" security=\"restricted\" src=\"https:\/\/gerama.ch\/de\/estate_property-de\/5276063-de\/embed\/#?secret=cYsDb9dw7E\" width=\"600\" height=\"338\" title=\"&#8222;&nbsp;&#8220; &#8211; Gerama\" data-secret=\"cYsDb9dw7E\" frameborder=\"0\" marginwidth=\"0\" marginheight=\"0\" scrolling=\"no\" class=\"wp-embedded-content\"><\/iframe><script type=\"text\/javascript\">\n\/* <![CDATA[ *\/\n\/*! This file is auto-generated *\/\n!function(d,l){\"use strict\";l.querySelector&&d.addEventListener&&\"undefined\"!=typeof URL&&(d.wp=d.wp||{},d.wp.receiveEmbedMessage||(d.wp.receiveEmbedMessage=function(e){var t=e.data;if((t||t.secret||t.message||t.value)&&!\/[^a-zA-Z0-9]\/.test(t.secret)){for(var s,r,n,a=l.querySelectorAll('iframe[data-secret=\"'+t.secret+'\"]'),o=l.querySelectorAll('blockquote[data-secret=\"'+t.secret+'\"]'),c=new RegExp(\"^https?:$\",\"i\"),i=0;i<o.length;i++)o[i].style.display=\"none\";for(i=0;i<a.length;i++)s=a[i],e.source===s.contentWindow&&(s.removeAttribute(\"style\"),\"height\"===t.message?(1e3<(r=parseInt(t.value,10))?r=1e3:~~r<200&&(r=200),s.height=r):\"link\"===t.message&&(r=new URL(s.getAttribute(\"src\")),n=new URL(t.value),c.test(n.protocol))&&n.host===r.host&&l.activeElement===s&&(d.top.location.href=t.value))}},d.addEventListener(\"message\",d.wp.receiveEmbedMessage,!1),l.addEventListener(\"DOMContentLoaded\",function(){for(var e,t,s=l.querySelectorAll(\"iframe.wp-embedded-content\"),r=0;r<s.length;r++)(t=(e=s[r]).getAttribute(\"data-secret\"))||(t=Math.random().toString(36).substring(2,12),e.src+=\"#?secret=\"+t,e.setAttribute(\"data-secret\",t)),e.contentWindow.postMessage({message:\"ready\",secret:t},\"*\")},!1)))}(window,document);\n\/\/# sourceURL=https:\/\/gerama.ch\/wp-includes\/js\/wp-embed.min.js\n\/* ]]> *\/\n<\/script>\n","thumbnail_url":"https:\/\/gerama.ch\/wp-content\/uploads\/2026\/01\/732_67a4b7f07bb036.04685414-768x576.jpg","thumbnail_width":600,"thumbnail_height":450,"description":"LageSis dans le quartier du Sch\u00f6nberg : Depuis les ann\u00e9es 60 du XXe si\u00e8cle, la ville se d\u00e9veloppe aussi vers le nord-est, dans les secteurs de Bellevue, du Windig et du Haut du Schoenberg, rest\u00e9s longtemps en marge, et qui forment aujourd\u2019hui le plus important quartier r\u00e9sidentiel. Multiculturel, le Schoenberg r\u00e9unit quelques 10\u2019000 habitants et une centaine de nationalit\u00e9s. Depuis 2014, le nouveau pont ..."}

LageSis dans le quartier du Schönberg : Depuis les années 60 du XXe siècle, la ville se développe aussi vers le nord-est, dans les secteurs de Bellevue, du Windig et du Haut du Schoenberg, restés longtemps en marge, et qui forment aujourd’hui le plus important quartier résidentiel. Multiculturel, le Schoenberg réunit quelques 10’000 habitants et une centaine de nationalités. Depuis 2014, le nouveau pont ...
