{"id":1315804,"date":"2026-01-29T15:34:18","date_gmt":"2026-01-29T14:34:18","guid":{"rendered":"https:\/\/gerama.ch\/estate_property\/5794030-de\/"},"modified":"2026-01-29T15:34:18","modified_gmt":"2026-01-29T14:34:18","slug":"5794030-de","status":"publish","type":"estate_property","link":"https:\/\/gerama.ch\/de\/estate_property-de\/5794030-de\/","title":{"rendered":"&nbsp;"},"content":{"rendered":"<p><strong>Gemeinde<\/strong><br \/>La commune a \u00e9t\u00e9 fond\u00e9e le 1er janvier 2014, \u00e0 la suite de la fusion des anciennes communes de Cerniat et de Charmey.<\/p>\n<p><strong>Gesch\u00e4fte<\/strong><br \/>Divers commerces (Coop, Denner, boulangerie, laiterie, restaurants, etc)<\/p>\n<p><strong>Transports<\/strong><br \/>A 15 minutes de Bulle <\/p>\n<p><strong>Freizeit<\/strong><br \/>Diverses soci\u00e9t\u00e9s font parties de la vie du village<br \/>\nVous trouverez \u00e9galement dans le village, les bains de la Gruy\u00e8re, une piscine publique, une station de ski, une patinoire, et pleins d&#8217;autres activit\u00e9s. <\/p>\n<p><strong>Keller<\/strong><br \/>Une cave <\/p>\n<p><strong>1. Ebene<\/strong><br \/>Trois chambres \u00e0 coucher<br \/>\nUn balcon <\/p>\n<p><strong>2. Ebene<\/strong><br \/>Les combles<\/p>\n<p><strong>Anh\u00e4nge<\/strong><br \/>Une remise <\/p>\n","protected":false},"excerpt":{"rendered":"<p>GemeindeLa commune a \u00e9t\u00e9 fond\u00e9e le 1er janvier 2014, \u00e0 la suite de la fusion des anciennes communes de Cerniat et de Charmey. Gesch\u00e4fteDivers commerces (Coop, Denner, boulangerie, laiterie, restaurants, etc) TransportsA 15 minutes de Bulle FreizeitDiverses soci\u00e9t\u00e9s font parties de la vie du village Vous trouverez \u00e9galement dans le village, les bains de la Gruy\u00e8re, une piscine publique, une station de ski, une &#8230;<\/p>\n","protected":false},"featured_media":1315805,"comment_status":"closed","ping_status":"closed","template":"","property_category":[253],"property_action_category":[245],"property_city":[1798],"property_area":[],"property_county_state":[1190],"property_features":[503,450,1097,1183,448,599,497,623,1240,1790,558,457,439,1789,601,1161,591,1095,1457,627,1799,483,1070,284,1513,1369,1368,1367,453,1380,1800,493,1178],"property_status":[1354],"class_list":["post-1315804","estate_property","type-estate_property","status-publish","has-post-thumbnail","hentry","property_category-hauser","property_action_category-kaufen","property_city-charmey-gruyere","property_county_state-freiburg","property_features-badewanne","property_features-bank","property_features-begrunung","property_features-berge","property_features-bushaltestelle-de","property_features-doppelverglasung","property_features-dorf-de","property_features-fliesen","property_features-freibad","property_features-fussballplatz","property_features-garten","property_features-geschafte","property_features-gut","property_features-hallenbad","property_features-hell-de","property_features-hutte","property_features-keller","property_features-kinderfreundlich","property_features-langlaufloipe","property_features-parkett","property_features-pflegeheim","property_features-post","property_features-primarschule","property_features-restaurants","property_features-sanierungsbedurftig","property_features-seilbahnen","property_features-skigebiet","property_features-skipiste","property_features-sportzentrum-de","property_features-tennis-zentrum","property_features-thermalbad","property_features-wanderwege-de","property_features-wohnkuche","property_status-an-den-meistbietenden"],"yoast_head":"<!-- This site is optimized with the Yoast SEO plugin v27.4 - https:\/\/yoast.com\/product\/yoast-seo-wordpress\/ -->\n<title>&nbsp; &#8211; KAUFEN Haus &#8211; Charmey (Gruy\u00e8re) &#8211; Freiburg &#8211; Gerama<\/title>\n<meta name=\"robots\" content=\"index, follow, max-snippet:-1, max-image-preview:large, max-video-preview:-1\" \/>\n<link rel=\"canonical\" href=\"https:\/\/gerama.ch\/de\/estate_property-de\/5794030-de\/\" \/>\n<meta property=\"og:locale\" content=\"de_DE\" \/>\n<meta property=\"og:type\" content=\"article\" \/>\n<meta property=\"og:title\" content=\"&nbsp; &#8211; KAUFEN Haus &#8211; Charmey (Gruy\u00e8re) &#8211; Freiburg &#8211; Gerama\" \/>\n<meta property=\"og:description\" content=\"GemeindeLa commune a \u00e9t\u00e9 fond\u00e9e le 1er janvier 2014, \u00e0 la suite de la fusion des anciennes communes de Cerniat et de Charmey. Gesch\u00e4fteDivers commerces (Coop, Denner, boulangerie, laiterie, restaurants, etc) TransportsA 15 minutes de Bulle FreizeitDiverses soci\u00e9t\u00e9s font parties de la vie du village Vous trouverez \u00e9galement dans le village, les bains de la Gruy\u00e8re, une piscine publique, une station de ski, une ...\" \/>\n<meta property=\"og:url\" content=\"https:\/\/gerama.ch\/de\/estate_property-de\/5794030-de\/\" \/>\n<meta property=\"og:site_name\" content=\"Gerama\" \/>\n<meta property=\"article:publisher\" content=\"https:\/\/www.latest.facebook.com\/geramaag\/\" \/>\n<meta name=\"twitter:card\" content=\"summary_large_image\" \/>\n<script type=\"application\/ld+json\" class=\"yoast-schema-graph\">{\"@context\":\"https:\\\/\\\/schema.org\",\"@graph\":[{\"@type\":[\"WebPage\",\"RealEstateListing\"],\"@id\":\"https:\\\/\\\/gerama.ch\\\/de\\\/estate_property-de\\\/5794030-de\\\/\",\"url\":\"https:\\\/\\\/gerama.ch\\\/de\\\/estate_property-de\\\/5794030-de\\\/\",\"name\":\"&nbsp; &#8211; KAUFEN Haus &#8211; Charmey (Gruy\u00e8re) &#8211; Freiburg &#8211; Gerama\",\"isPartOf\":{\"@id\":\"https:\\\/\\\/gerama.ch\\\/de\\\/#website\"},\"primaryImageOfPage\":{\"@id\":\"https:\\\/\\\/gerama.ch\\\/de\\\/estate_property-de\\\/5794030-de\\\/#primaryimage\"},\"image\":{\"@id\":\"https:\\\/\\\/gerama.ch\\\/de\\\/estate_property-de\\\/5794030-de\\\/#primaryimage\"},\"thumbnailUrl\":\"https:\\\/\\\/gerama.ch\\\/wp-content\\\/uploads\\\/2026\\\/01\\\/732_69734773a65397.10817405.jpg\",\"datePublished\":\"2026-01-29T14:34:18+00:00\",\"breadcrumb\":{\"@id\":\"https:\\\/\\\/gerama.ch\\\/de\\\/estate_property-de\\\/5794030-de\\\/#breadcrumb\"},\"inLanguage\":\"de\",\"potentialAction\":[{\"@type\":\"ReadAction\",\"target\":[\"https:\\\/\\\/gerama.ch\\\/de\\\/estate_property-de\\\/5794030-de\\\/\"]}]},{\"@type\":\"ImageObject\",\"inLanguage\":\"de\",\"@id\":\"https:\\\/\\\/gerama.ch\\\/de\\\/estate_property-de\\\/5794030-de\\\/#primaryimage\",\"url\":\"https:\\\/\\\/gerama.ch\\\/wp-content\\\/uploads\\\/2026\\\/01\\\/732_69734773a65397.10817405.jpg\",\"contentUrl\":\"https:\\\/\\\/gerama.ch\\\/wp-content\\\/uploads\\\/2026\\\/01\\\/732_69734773a65397.10817405.jpg\",\"width\":2048,\"height\":1366},{\"@type\":\"BreadcrumbList\",\"@id\":\"https:\\\/\\\/gerama.ch\\\/de\\\/estate_property-de\\\/5794030-de\\\/#breadcrumb\",\"itemListElement\":[{\"@type\":\"ListItem\",\"position\":1,\"name\":\"Accueil\",\"item\":\"https:\\\/\\\/gerama.ch\\\/de\\\/gerama-immobilien-freiburg-mieten-kaufen\\\/\"},{\"@type\":\"ListItem\",\"position\":2,\"name\":\"Eigenschaften\",\"item\":\"https:\\\/\\\/gerama.ch\\\/de\\\/estate_property-de\\\/\"},{\"@type\":\"ListItem\",\"position\":3,\"name\":\"&nbsp;\"}]},{\"@type\":\"WebSite\",\"@id\":\"https:\\\/\\\/gerama.ch\\\/de\\\/#website\",\"url\":\"https:\\\/\\\/gerama.ch\\\/de\\\/\",\"name\":\"Gerama\",\"description\":\"\",\"publisher\":{\"@id\":\"https:\\\/\\\/gerama.ch\\\/de\\\/#organization\"},\"potentialAction\":[{\"@type\":\"SearchAction\",\"target\":{\"@type\":\"EntryPoint\",\"urlTemplate\":\"https:\\\/\\\/gerama.ch\\\/de\\\/?s={search_term_string}\"},\"query-input\":{\"@type\":\"PropertyValueSpecification\",\"valueRequired\":true,\"valueName\":\"search_term_string\"}}],\"inLanguage\":\"de\"},{\"@type\":\"Organization\",\"@id\":\"https:\\\/\\\/gerama.ch\\\/de\\\/#organization\",\"name\":\"Gerama Immobilier Immobilien\",\"url\":\"https:\\\/\\\/gerama.ch\\\/de\\\/\",\"logo\":{\"@type\":\"ImageObject\",\"inLanguage\":\"de\",\"@id\":\"https:\\\/\\\/gerama.ch\\\/de\\\/#\\\/schema\\\/logo\\\/image\\\/\",\"url\":\"https:\\\/\\\/gerama.ch\\\/wp-content\\\/uploads\\\/2020\\\/05\\\/logoSmall.png\",\"contentUrl\":\"https:\\\/\\\/gerama.ch\\\/wp-content\\\/uploads\\\/2020\\\/05\\\/logoSmall.png\",\"width\":150,\"height\":74,\"caption\":\"Gerama Immobilier Immobilien\"},\"image\":{\"@id\":\"https:\\\/\\\/gerama.ch\\\/de\\\/#\\\/schema\\\/logo\\\/image\\\/\"},\"sameAs\":[\"https:\\\/\\\/www.latest.facebook.com\\\/geramaag\\\/\",\"https:\\\/\\\/www.youtube.com\\\/@geramaimmobilier3471\",\"https:\\\/\\\/www.linkedin.com\\\/company\\\/gerama\\\/posts\\\/?feedView=all\",\"https:\\\/\\\/www.instagram.com\\\/geramaimmobilier\\\/\"]}]}<\/script>\n<!-- \/ Yoast SEO plugin. -->","yoast_head_json":{"title":"&nbsp; &#8211; KAUFEN Haus &#8211; Charmey (Gruy\u00e8re) &#8211; Freiburg &#8211; Gerama","robots":{"index":"index","follow":"follow","max-snippet":"max-snippet:-1","max-image-preview":"max-image-preview:large","max-video-preview":"max-video-preview:-1"},"canonical":"https:\/\/gerama.ch\/de\/estate_property-de\/5794030-de\/","og_locale":"de_DE","og_type":"article","og_title":"&nbsp; &#8211; KAUFEN Haus &#8211; Charmey (Gruy\u00e8re) &#8211; Freiburg &#8211; Gerama","og_description":"GemeindeLa commune a \u00e9t\u00e9 fond\u00e9e le 1er janvier 2014, \u00e0 la suite de la fusion des anciennes communes de Cerniat et de Charmey. Gesch\u00e4fteDivers commerces (Coop, Denner, boulangerie, laiterie, restaurants, etc) TransportsA 15 minutes de Bulle FreizeitDiverses soci\u00e9t\u00e9s font parties de la vie du village Vous trouverez \u00e9galement dans le village, les bains de la Gruy\u00e8re, une piscine publique, une station de ski, une ...","og_url":"https:\/\/gerama.ch\/de\/estate_property-de\/5794030-de\/","og_site_name":"Gerama","article_publisher":"https:\/\/www.latest.facebook.com\/geramaag\/","twitter_card":"summary_large_image","schema":{"@context":"https:\/\/schema.org","@graph":[{"@type":["WebPage","RealEstateListing"],"@id":"https:\/\/gerama.ch\/de\/estate_property-de\/5794030-de\/","url":"https:\/\/gerama.ch\/de\/estate_property-de\/5794030-de\/","name":"&nbsp; &#8211; KAUFEN Haus &#8211; Charmey (Gruy\u00e8re) &#8211; Freiburg &#8211; Gerama","isPartOf":{"@id":"https:\/\/gerama.ch\/de\/#website"},"primaryImageOfPage":{"@id":"https:\/\/gerama.ch\/de\/estate_property-de\/5794030-de\/#primaryimage"},"image":{"@id":"https:\/\/gerama.ch\/de\/estate_property-de\/5794030-de\/#primaryimage"},"thumbnailUrl":"https:\/\/gerama.ch\/wp-content\/uploads\/2026\/01\/732_69734773a65397.10817405.jpg","datePublished":"2026-01-29T14:34:18+00:00","breadcrumb":{"@id":"https:\/\/gerama.ch\/de\/estate_property-de\/5794030-de\/#breadcrumb"},"inLanguage":"de","potentialAction":[{"@type":"ReadAction","target":["https:\/\/gerama.ch\/de\/estate_property-de\/5794030-de\/"]}]},{"@type":"ImageObject","inLanguage":"de","@id":"https:\/\/gerama.ch\/de\/estate_property-de\/5794030-de\/#primaryimage","url":"https:\/\/gerama.ch\/wp-content\/uploads\/2026\/01\/732_69734773a65397.10817405.jpg","contentUrl":"https:\/\/gerama.ch\/wp-content\/uploads\/2026\/01\/732_69734773a65397.10817405.jpg","width":2048,"height":1366},{"@type":"BreadcrumbList","@id":"https:\/\/gerama.ch\/de\/estate_property-de\/5794030-de\/#breadcrumb","itemListElement":[{"@type":"ListItem","position":1,"name":"Accueil","item":"https:\/\/gerama.ch\/de\/gerama-immobilien-freiburg-mieten-kaufen\/"},{"@type":"ListItem","position":2,"name":"Eigenschaften","item":"https:\/\/gerama.ch\/de\/estate_property-de\/"},{"@type":"ListItem","position":3,"name":"&nbsp;"}]},{"@type":"WebSite","@id":"https:\/\/gerama.ch\/de\/#website","url":"https:\/\/gerama.ch\/de\/","name":"Gerama","description":"","publisher":{"@id":"https:\/\/gerama.ch\/de\/#organization"},"potentialAction":[{"@type":"SearchAction","target":{"@type":"EntryPoint","urlTemplate":"https:\/\/gerama.ch\/de\/?s={search_term_string}"},"query-input":{"@type":"PropertyValueSpecification","valueRequired":true,"valueName":"search_term_string"}}],"inLanguage":"de"},{"@type":"Organization","@id":"https:\/\/gerama.ch\/de\/#organization","name":"Gerama Immobilier Immobilien","url":"https:\/\/gerama.ch\/de\/","logo":{"@type":"ImageObject","inLanguage":"de","@id":"https:\/\/gerama.ch\/de\/#\/schema\/logo\/image\/","url":"https:\/\/gerama.ch\/wp-content\/uploads\/2020\/05\/logoSmall.png","contentUrl":"https:\/\/gerama.ch\/wp-content\/uploads\/2020\/05\/logoSmall.png","width":150,"height":74,"caption":"Gerama Immobilier Immobilien"},"image":{"@id":"https:\/\/gerama.ch\/de\/#\/schema\/logo\/image\/"},"sameAs":["https:\/\/www.latest.facebook.com\/geramaag\/","https:\/\/www.youtube.com\/@geramaimmobilier3471","https:\/\/www.linkedin.com\/company\/gerama\/posts\/?feedView=all","https:\/\/www.instagram.com\/geramaimmobilier\/"]}]}},"_links":{"self":[{"href":"https:\/\/gerama.ch\/de\/wp-json\/wp\/v2\/estate_property\/1315804","targetHints":{"allow":["GET"]}}],"collection":[{"href":"https:\/\/gerama.ch\/de\/wp-json\/wp\/v2\/estate_property"}],"about":[{"href":"https:\/\/gerama.ch\/de\/wp-json\/wp\/v2\/types\/estate_property"}],"replies":[{"embeddable":true,"href":"https:\/\/gerama.ch\/de\/wp-json\/wp\/v2\/comments?post=1315804"}],"wp:featuredmedia":[{"embeddable":true,"href":"https:\/\/gerama.ch\/de\/wp-json\/wp\/v2\/media\/1315805"}],"wp:attachment":[{"href":"https:\/\/gerama.ch\/de\/wp-json\/wp\/v2\/media?parent=1315804"}],"wp:term":[{"taxonomy":"property_category","embeddable":true,"href":"https:\/\/gerama.ch\/de\/wp-json\/wp\/v2\/property_category?post=1315804"},{"taxonomy":"property_action_category","embeddable":true,"href":"https:\/\/gerama.ch\/de\/wp-json\/wp\/v2\/property_action_category?post=1315804"},{"taxonomy":"property_city","embeddable":true,"href":"https:\/\/gerama.ch\/de\/wp-json\/wp\/v2\/property_city?post=1315804"},{"taxonomy":"property_area","embeddable":true,"href":"https:\/\/gerama.ch\/de\/wp-json\/wp\/v2\/property_area?post=1315804"},{"taxonomy":"property_county_state","embeddable":true,"href":"https:\/\/gerama.ch\/de\/wp-json\/wp\/v2\/property_county_state?post=1315804"},{"taxonomy":"property_features","embeddable":true,"href":"https:\/\/gerama.ch\/de\/wp-json\/wp\/v2\/property_features?post=1315804"},{"taxonomy":"property_status","embeddable":true,"href":"https:\/\/gerama.ch\/de\/wp-json\/wp\/v2\/property_status?post=1315804"}],"curies":[{"name":"wp","href":"https:\/\/api.w.org\/{rel}","templated":true}]}}

<p><strong>Gemeinde</strong><br />La commune a été fondée le 1er janvier 2014, à la suite de la fusion des anciennes communes de Cerniat et de Charmey.</p>
<p><strong>Geschäfte</strong><br />Divers commerces (Coop, Denner, boulangerie, laiterie, restaurants, etc)</p>
<p><strong>Transports</strong><br />A 15 minutes de Bulle </p>
<p><strong>Freizeit</strong><br />Diverses sociétés font parties de la vie du village<br />
Vous trouverez également dans le village, les bains de la Gruyère, une piscine publique, une station de ski, une patinoire, et pleins d&#8217;autres activités. </p>
<p><strong>Keller</strong><br />Une cave </p>
<p><strong>1. Ebene</strong><br />Trois chambres à coucher<br />
Un balcon </p>
<p><strong>2. Ebene</strong><br />Les combles</p>
<p><strong>Anhänge</strong><br />Une remise </p>

<p>GemeindeLa commune a été fondée le 1er janvier 2014, à la suite de la fusion des anciennes communes de Cerniat et de Charmey. GeschäfteDivers commerces (Coop, Denner, boulangerie, laiterie, restaurants, etc) TransportsA 15 minutes de Bulle FreizeitDiverses sociétés font parties de la vie du village Vous trouverez également dans le village, les bains de la Gruyère, une piscine publique, une station de ski, une &#8230;</p>

<!-- This site is optimized with the Yoast SEO plugin v27.4 - https://yoast.com/product/yoast-seo-wordpress/ -->
<title>&nbsp; &#8211; KAUFEN Haus &#8211; Charmey (Gruyère) &#8211; Freiburg &#8211; Gerama</title>
<meta name="robots" content="index, follow, max-snippet:-1, max-image-preview:large, max-video-preview:-1" />
<link rel="canonical" href="https://gerama.ch/de/estate_property-de/5794030-de/" />
<meta property="og:locale" content="de_DE" />
<meta property="og:type" content="article" />
<meta property="og:title" content="&nbsp; &#8211; KAUFEN Haus &#8211; Charmey (Gruyère) &#8211; Freiburg &#8211; Gerama" />
<meta property="og:description" content="GemeindeLa commune a été fondée le 1er janvier 2014, à la suite de la fusion des anciennes communes de Cerniat et de Charmey. GeschäfteDivers commerces (Coop, Denner, boulangerie, laiterie, restaurants, etc) TransportsA 15 minutes de Bulle FreizeitDiverses sociétés font parties de la vie du village Vous trouverez également dans le village, les bains de la Gruyère, une piscine publique, une station de ski, une ..." />
<meta property="og:url" content="https://gerama.ch/de/estate_property-de/5794030-de/" />
<meta property="og:site_name" content="Gerama" />
<meta property="article:publisher" content="https://www.latest.facebook.com/geramaag/" />
<meta name="twitter:card" content="summary_large_image" />
<script type="application/ld+json" class="yoast-schema-graph">{"@context":"https:\/\/schema.org","@graph":[{"@type":["WebPage","RealEstateListing"],"@id":"https:\/\/gerama.ch\/de\/estate_property-de\/5794030-de\/","url":"https:\/\/gerama.ch\/de\/estate_property-de\/5794030-de\/","name":"&nbsp; &#8211; KAUFEN Haus &#8211; Charmey (Gruyère) &#8211; Freiburg &#8211; Gerama","isPartOf":{"@id":"https:\/\/gerama.ch\/de\/#website"},"primaryImageOfPage":{"@id":"https:\/\/gerama.ch\/de\/estate_property-de\/5794030-de\/#primaryimage"},"image":{"@id":"https:\/\/gerama.ch\/de\/estate_property-de\/5794030-de\/#primaryimage"},"thumbnailUrl":"https:\/\/gerama.ch\/wp-content\/uploads\/2026\/01\/732_69734773a65397.10817405.jpg","datePublished":"2026-01-29T14:34:18+00:00","breadcrumb":{"@id":"https:\/\/gerama.ch\/de\/estate_property-de\/5794030-de\/#breadcrumb"},"inLanguage":"de","potentialAction":[{"@type":"ReadAction","target":["https:\/\/gerama.ch\/de\/estate_property-de\/5794030-de\/"]}]},{"@type":"ImageObject","inLanguage":"de","@id":"https:\/\/gerama.ch\/de\/estate_property-de\/5794030-de\/#primaryimage","url":"https:\/\/gerama.ch\/wp-content\/uploads\/2026\/01\/732_69734773a65397.10817405.jpg","contentUrl":"https:\/\/gerama.ch\/wp-content\/uploads\/2026\/01\/732_69734773a65397.10817405.jpg","width":2048,"height":1366},{"@type":"BreadcrumbList","@id":"https:\/\/gerama.ch\/de\/estate_property-de\/5794030-de\/#breadcrumb","itemListElement":[{"@type":"ListItem","position":1,"name":"Accueil","item":"https:\/\/gerama.ch\/de\/gerama-immobilien-freiburg-mieten-kaufen\/"},{"@type":"ListItem","position":2,"name":"Eigenschaften","item":"https:\/\/gerama.ch\/de\/estate_property-de\/"},{"@type":"ListItem","position":3,"name":"&nbsp;"}]},{"@type":"WebSite","@id":"https:\/\/gerama.ch\/de\/#website","url":"https:\/\/gerama.ch\/de\/","name":"Gerama","description":"","publisher":{"@id":"https:\/\/gerama.ch\/de\/#organization"},"potentialAction":[{"@type":"SearchAction","target":{"@type":"EntryPoint","urlTemplate":"https:\/\/gerama.ch\/de\/?s={search_term_string}"},"query-input":{"@type":"PropertyValueSpecification","valueRequired":true,"valueName":"search_term_string"}}],"inLanguage":"de"},{"@type":"Organization","@id":"https:\/\/gerama.ch\/de\/#organization","name":"Gerama Immobilier Immobilien","url":"https:\/\/gerama.ch\/de\/","logo":{"@type":"ImageObject","inLanguage":"de","@id":"https:\/\/gerama.ch\/de\/#\/schema\/logo\/image\/","url":"https:\/\/gerama.ch\/wp-content\/uploads\/2020\/05\/logoSmall.png","contentUrl":"https:\/\/gerama.ch\/wp-content\/uploads\/2020\/05\/logoSmall.png","width":150,"height":74,"caption":"Gerama Immobilier Immobilien"},"image":{"@id":"https:\/\/gerama.ch\/de\/#\/schema\/logo\/image\/"},"sameAs":["https:\/\/www.latest.facebook.com\/geramaag\/","https:\/\/www.youtube.com\/@geramaimmobilier3471","https:\/\/www.linkedin.com\/company\/gerama\/posts\/?feedView=all","https:\/\/www.instagram.com\/geramaimmobilier\/"]}]}</script>
<!-- / Yoast SEO plugin. -->

&nbsp; &#8211; KAUFEN Haus &#8211; Charmey (Gruyère) &#8211; Freiburg &#8211; Gerama

GemeindeLa commune a été fondée le 1er janvier 2014, à la suite de la fusion des anciennes communes de Cerniat et de Charmey. GeschäfteDivers commerces (Coop, Denner, boulangerie, laiterie, restaurants, etc) TransportsA 15 minutes de Bulle FreizeitDiverses sociétés font parties de la vie du village Vous trouverez également dans le village, les bains de la Gruyère, une piscine publique, une station de ski, une ...
