{"id":1319444,"date":"2026-03-14T00:56:50","date_gmt":"2026-03-13T23:56:50","guid":{"rendered":"https:\/\/gerama.ch\/estate_property\/01-001091-011401-de\/"},"modified":"2026-03-14T00:56:50","modified_gmt":"2026-03-13T23:56:50","slug":"01-001091-011401-de","status":"publish","type":"estate_property","link":"https:\/\/gerama.ch\/de\/estate_property-de\/01-001091-011401-de\/","title":{"rendered":"Appartement 4,5 pi\u00e8ces \u00e0 Beauregard"},"content":{"rendered":"<p>Le logement est situ\u00e9 proche du centre ville, \u00e0 5 minutes \u00e0 pied de la gare<\/p>\n<p> Hall d&#8217;entr\u00e9e avec armoires murales<br \/> Cuisine agenc\u00e9e ouverte sur le s\u00e9jour (parquet)<br \/> 4 chambres (parquet)<br \/> Salle de douche avec WC<br \/> Salle de bains avec baignoire et WC<br \/> Balcon A louer selon disponibilit\u00e9 :<br \/> Place de parc int\u00e9rieure Fr. 120.&#8211;<br \/> (n&#8217;est pas compris dans le loyer)<\/p>\n<p> Die Liegenschaft befindet sich in der N\u00e4he des Bahnhofes und verschiedene Einkaufsm\u00f6glichkeiten sind rasch erreichbar.<\/p>\n<p> In der Wohnung k\u00f6nnen Sie folgendes vorfinden:<\/p>\n<p> Eingangsbereich mit Wandschr\u00e4nken<br \/> Offene K\u00fcche <br \/> Wohnzimmer<br \/> 4 Zimmer mit Parkett<br \/> Badezimmer mit Badewanne und WC separat<br \/> Badezimmer mit Dusche<br \/> Balkon<\/p>\n<p> Zu vermieten nach Verf\u00fcgbarkeit:<br \/> Innenparkplatz CHF 120.-<\/p>\n","protected":false},"excerpt":{"rendered":"<p>Le logement est situ\u00e9 proche du centre ville, \u00e0 5 minutes \u00e0 pied de la gare Hall d&#8217;entr\u00e9e avec armoires murales Cuisine agenc\u00e9e ouverte sur le s\u00e9jour (parquet) 4 chambres (parquet) Salle de douche avec WC Salle de bains avec baignoire et WC Balcon A louer selon disponibilit\u00e9 : Place de parc int\u00e9rieure Fr. 120.&#8211; (n&#8217;est pas compris dans le loyer) Die Liegenschaft befindet &#8230;<\/p>\n","protected":false},"featured_media":1319445,"comment_status":"closed","ping_status":"closed","template":"","property_category":[248],"property_action_category":[244],"property_city":[34],"property_area":[],"property_county_state":[1190],"property_features":[],"property_status":[],"class_list":["post-1319444","estate_property","type-estate_property","status-publish","has-post-thumbnail","hentry","property_category-wohnungen","property_action_category-mieten","property_city-fribourg","property_county_state-freiburg"],"yoast_head":"<!-- This site is optimized with the Yoast SEO plugin v27.4 - https:\/\/yoast.com\/product\/yoast-seo-wordpress\/ -->\n<title>Appartement 4,5 pi\u00e8ces \u00e0 Beauregard &#8211; MIETEN Wohnungen &#8211; Fribourg &#8211; Freiburg &#8211; Gerama<\/title>\n<meta name=\"robots\" content=\"index, follow, max-snippet:-1, max-image-preview:large, max-video-preview:-1\" \/>\n<link rel=\"canonical\" href=\"https:\/\/gerama.ch\/de\/estate_property-de\/01-001091-011401-de\/\" \/>\n<meta property=\"og:locale\" content=\"de_DE\" \/>\n<meta property=\"og:type\" content=\"article\" \/>\n<meta property=\"og:title\" content=\"Appartement 4,5 pi\u00e8ces \u00e0 Beauregard &#8211; MIETEN Wohnungen &#8211; Fribourg &#8211; Freiburg &#8211; Gerama\" \/>\n<meta property=\"og:description\" content=\"Le logement est situ\u00e9 proche du centre ville, \u00e0 5 minutes \u00e0 pied de la gare Hall d&#8217;entr\u00e9e avec armoires murales Cuisine agenc\u00e9e ouverte sur le s\u00e9jour (parquet) 4 chambres (parquet) Salle de douche avec WC Salle de bains avec baignoire et WC Balcon A louer selon disponibilit\u00e9 : Place de parc int\u00e9rieure Fr. 120.&#8211; (n&#8217;est pas compris dans le loyer) Die Liegenschaft befindet ...\" \/>\n<meta property=\"og:url\" content=\"https:\/\/gerama.ch\/de\/estate_property-de\/01-001091-011401-de\/\" \/>\n<meta property=\"og:site_name\" content=\"Gerama\" \/>\n<meta property=\"article:publisher\" content=\"https:\/\/www.latest.facebook.com\/geramaag\/\" \/>\n<meta name=\"twitter:card\" content=\"summary_large_image\" \/>\n<meta name=\"twitter:label1\" content=\"Gesch\u00e4tzte Lesezeit\" \/>\n\t<meta name=\"twitter:data1\" content=\"1\u00a0Minute\" \/>\n<script type=\"application\/ld+json\" class=\"yoast-schema-graph\">{\"@context\":\"https:\\\/\\\/schema.org\",\"@graph\":[{\"@type\":[\"WebPage\",\"RealEstateListing\"],\"@id\":\"https:\\\/\\\/gerama.ch\\\/de\\\/estate_property-de\\\/01-001091-011401-de\\\/\",\"url\":\"https:\\\/\\\/gerama.ch\\\/de\\\/estate_property-de\\\/01-001091-011401-de\\\/\",\"name\":\"Appartement 4,5 pi\u00e8ces \u00e0 Beauregard &#8211; MIETEN Wohnungen &#8211; Fribourg &#8211; Freiburg &#8211; Gerama\",\"isPartOf\":{\"@id\":\"https:\\\/\\\/gerama.ch\\\/de\\\/#website\"},\"primaryImageOfPage\":{\"@id\":\"https:\\\/\\\/gerama.ch\\\/de\\\/estate_property-de\\\/01-001091-011401-de\\\/#primaryimage\"},\"image\":{\"@id\":\"https:\\\/\\\/gerama.ch\\\/de\\\/estate_property-de\\\/01-001091-011401-de\\\/#primaryimage\"},\"thumbnailUrl\":\"https:\\\/\\\/gerama.ch\\\/wp-content\\\/uploads\\\/2026\\\/03\\\/ff0000000018208950.jpg\",\"datePublished\":\"2026-03-13T23:56:50+00:00\",\"breadcrumb\":{\"@id\":\"https:\\\/\\\/gerama.ch\\\/de\\\/estate_property-de\\\/01-001091-011401-de\\\/#breadcrumb\"},\"inLanguage\":\"de\",\"potentialAction\":[{\"@type\":\"ReadAction\",\"target\":[\"https:\\\/\\\/gerama.ch\\\/de\\\/estate_property-de\\\/01-001091-011401-de\\\/\"]}]},{\"@type\":\"ImageObject\",\"inLanguage\":\"de\",\"@id\":\"https:\\\/\\\/gerama.ch\\\/de\\\/estate_property-de\\\/01-001091-011401-de\\\/#primaryimage\",\"url\":\"https:\\\/\\\/gerama.ch\\\/wp-content\\\/uploads\\\/2026\\\/03\\\/ff0000000018208950.jpg\",\"contentUrl\":\"https:\\\/\\\/gerama.ch\\\/wp-content\\\/uploads\\\/2026\\\/03\\\/ff0000000018208950.jpg\",\"width\":1125,\"height\":1500},{\"@type\":\"BreadcrumbList\",\"@id\":\"https:\\\/\\\/gerama.ch\\\/de\\\/estate_property-de\\\/01-001091-011401-de\\\/#breadcrumb\",\"itemListElement\":[{\"@type\":\"ListItem\",\"position\":1,\"name\":\"Accueil\",\"item\":\"https:\\\/\\\/gerama.ch\\\/de\\\/gerama-immobilien-freiburg-mieten-kaufen\\\/\"},{\"@type\":\"ListItem\",\"position\":2,\"name\":\"Eigenschaften\",\"item\":\"https:\\\/\\\/gerama.ch\\\/de\\\/estate_property-de\\\/\"},{\"@type\":\"ListItem\",\"position\":3,\"name\":\"Appartement 4,5 pi\u00e8ces \u00e0 Beauregard\"}]},{\"@type\":\"WebSite\",\"@id\":\"https:\\\/\\\/gerama.ch\\\/de\\\/#website\",\"url\":\"https:\\\/\\\/gerama.ch\\\/de\\\/\",\"name\":\"Gerama\",\"description\":\"\",\"publisher\":{\"@id\":\"https:\\\/\\\/gerama.ch\\\/de\\\/#organization\"},\"potentialAction\":[{\"@type\":\"SearchAction\",\"target\":{\"@type\":\"EntryPoint\",\"urlTemplate\":\"https:\\\/\\\/gerama.ch\\\/de\\\/?s={search_term_string}\"},\"query-input\":{\"@type\":\"PropertyValueSpecification\",\"valueRequired\":true,\"valueName\":\"search_term_string\"}}],\"inLanguage\":\"de\"},{\"@type\":\"Organization\",\"@id\":\"https:\\\/\\\/gerama.ch\\\/de\\\/#organization\",\"name\":\"Gerama Immobilier Immobilien\",\"url\":\"https:\\\/\\\/gerama.ch\\\/de\\\/\",\"logo\":{\"@type\":\"ImageObject\",\"inLanguage\":\"de\",\"@id\":\"https:\\\/\\\/gerama.ch\\\/de\\\/#\\\/schema\\\/logo\\\/image\\\/\",\"url\":\"https:\\\/\\\/gerama.ch\\\/wp-content\\\/uploads\\\/2020\\\/05\\\/logoSmall.png\",\"contentUrl\":\"https:\\\/\\\/gerama.ch\\\/wp-content\\\/uploads\\\/2020\\\/05\\\/logoSmall.png\",\"width\":150,\"height\":74,\"caption\":\"Gerama Immobilier Immobilien\"},\"image\":{\"@id\":\"https:\\\/\\\/gerama.ch\\\/de\\\/#\\\/schema\\\/logo\\\/image\\\/\"},\"sameAs\":[\"https:\\\/\\\/www.latest.facebook.com\\\/geramaag\\\/\",\"https:\\\/\\\/www.youtube.com\\\/@geramaimmobilier3471\",\"https:\\\/\\\/www.linkedin.com\\\/company\\\/gerama\\\/posts\\\/?feedView=all\",\"https:\\\/\\\/www.instagram.com\\\/geramaimmobilier\\\/\"]}]}<\/script>\n<!-- \/ Yoast SEO plugin. -->","yoast_head_json":{"title":"Appartement 4,5 pi\u00e8ces \u00e0 Beauregard &#8211; MIETEN Wohnungen &#8211; Fribourg &#8211; Freiburg &#8211; Gerama","robots":{"index":"index","follow":"follow","max-snippet":"max-snippet:-1","max-image-preview":"max-image-preview:large","max-video-preview":"max-video-preview:-1"},"canonical":"https:\/\/gerama.ch\/de\/estate_property-de\/01-001091-011401-de\/","og_locale":"de_DE","og_type":"article","og_title":"Appartement 4,5 pi\u00e8ces \u00e0 Beauregard &#8211; MIETEN Wohnungen &#8211; Fribourg &#8211; Freiburg &#8211; Gerama","og_description":"Le logement est situ\u00e9 proche du centre ville, \u00e0 5 minutes \u00e0 pied de la gare Hall d&#8217;entr\u00e9e avec armoires murales Cuisine agenc\u00e9e ouverte sur le s\u00e9jour (parquet) 4 chambres (parquet) Salle de douche avec WC Salle de bains avec baignoire et WC Balcon A louer selon disponibilit\u00e9 : Place de parc int\u00e9rieure Fr. 120.&#8211; (n&#8217;est pas compris dans le loyer) Die Liegenschaft befindet ...","og_url":"https:\/\/gerama.ch\/de\/estate_property-de\/01-001091-011401-de\/","og_site_name":"Gerama","article_publisher":"https:\/\/www.latest.facebook.com\/geramaag\/","twitter_card":"summary_large_image","twitter_misc":{"Gesch\u00e4tzte Lesezeit":"1\u00a0Minute"},"schema":{"@context":"https:\/\/schema.org","@graph":[{"@type":["WebPage","RealEstateListing"],"@id":"https:\/\/gerama.ch\/de\/estate_property-de\/01-001091-011401-de\/","url":"https:\/\/gerama.ch\/de\/estate_property-de\/01-001091-011401-de\/","name":"Appartement 4,5 pi\u00e8ces \u00e0 Beauregard &#8211; MIETEN Wohnungen &#8211; Fribourg &#8211; Freiburg &#8211; Gerama","isPartOf":{"@id":"https:\/\/gerama.ch\/de\/#website"},"primaryImageOfPage":{"@id":"https:\/\/gerama.ch\/de\/estate_property-de\/01-001091-011401-de\/#primaryimage"},"image":{"@id":"https:\/\/gerama.ch\/de\/estate_property-de\/01-001091-011401-de\/#primaryimage"},"thumbnailUrl":"https:\/\/gerama.ch\/wp-content\/uploads\/2026\/03\/ff0000000018208950.jpg","datePublished":"2026-03-13T23:56:50+00:00","breadcrumb":{"@id":"https:\/\/gerama.ch\/de\/estate_property-de\/01-001091-011401-de\/#breadcrumb"},"inLanguage":"de","potentialAction":[{"@type":"ReadAction","target":["https:\/\/gerama.ch\/de\/estate_property-de\/01-001091-011401-de\/"]}]},{"@type":"ImageObject","inLanguage":"de","@id":"https:\/\/gerama.ch\/de\/estate_property-de\/01-001091-011401-de\/#primaryimage","url":"https:\/\/gerama.ch\/wp-content\/uploads\/2026\/03\/ff0000000018208950.jpg","contentUrl":"https:\/\/gerama.ch\/wp-content\/uploads\/2026\/03\/ff0000000018208950.jpg","width":1125,"height":1500},{"@type":"BreadcrumbList","@id":"https:\/\/gerama.ch\/de\/estate_property-de\/01-001091-011401-de\/#breadcrumb","itemListElement":[{"@type":"ListItem","position":1,"name":"Accueil","item":"https:\/\/gerama.ch\/de\/gerama-immobilien-freiburg-mieten-kaufen\/"},{"@type":"ListItem","position":2,"name":"Eigenschaften","item":"https:\/\/gerama.ch\/de\/estate_property-de\/"},{"@type":"ListItem","position":3,"name":"Appartement 4,5 pi\u00e8ces \u00e0 Beauregard"}]},{"@type":"WebSite","@id":"https:\/\/gerama.ch\/de\/#website","url":"https:\/\/gerama.ch\/de\/","name":"Gerama","description":"","publisher":{"@id":"https:\/\/gerama.ch\/de\/#organization"},"potentialAction":[{"@type":"SearchAction","target":{"@type":"EntryPoint","urlTemplate":"https:\/\/gerama.ch\/de\/?s={search_term_string}"},"query-input":{"@type":"PropertyValueSpecification","valueRequired":true,"valueName":"search_term_string"}}],"inLanguage":"de"},{"@type":"Organization","@id":"https:\/\/gerama.ch\/de\/#organization","name":"Gerama Immobilier Immobilien","url":"https:\/\/gerama.ch\/de\/","logo":{"@type":"ImageObject","inLanguage":"de","@id":"https:\/\/gerama.ch\/de\/#\/schema\/logo\/image\/","url":"https:\/\/gerama.ch\/wp-content\/uploads\/2020\/05\/logoSmall.png","contentUrl":"https:\/\/gerama.ch\/wp-content\/uploads\/2020\/05\/logoSmall.png","width":150,"height":74,"caption":"Gerama Immobilier Immobilien"},"image":{"@id":"https:\/\/gerama.ch\/de\/#\/schema\/logo\/image\/"},"sameAs":["https:\/\/www.latest.facebook.com\/geramaag\/","https:\/\/www.youtube.com\/@geramaimmobilier3471","https:\/\/www.linkedin.com\/company\/gerama\/posts\/?feedView=all","https:\/\/www.instagram.com\/geramaimmobilier\/"]}]}},"_links":{"self":[{"href":"https:\/\/gerama.ch\/de\/wp-json\/wp\/v2\/estate_property\/1319444","targetHints":{"allow":["GET"]}}],"collection":[{"href":"https:\/\/gerama.ch\/de\/wp-json\/wp\/v2\/estate_property"}],"about":[{"href":"https:\/\/gerama.ch\/de\/wp-json\/wp\/v2\/types\/estate_property"}],"replies":[{"embeddable":true,"href":"https:\/\/gerama.ch\/de\/wp-json\/wp\/v2\/comments?post=1319444"}],"wp:featuredmedia":[{"embeddable":true,"href":"https:\/\/gerama.ch\/de\/wp-json\/wp\/v2\/media\/1319445"}],"wp:attachment":[{"href":"https:\/\/gerama.ch\/de\/wp-json\/wp\/v2\/media?parent=1319444"}],"wp:term":[{"taxonomy":"property_category","embeddable":true,"href":"https:\/\/gerama.ch\/de\/wp-json\/wp\/v2\/property_category?post=1319444"},{"taxonomy":"property_action_category","embeddable":true,"href":"https:\/\/gerama.ch\/de\/wp-json\/wp\/v2\/property_action_category?post=1319444"},{"taxonomy":"property_city","embeddable":true,"href":"https:\/\/gerama.ch\/de\/wp-json\/wp\/v2\/property_city?post=1319444"},{"taxonomy":"property_area","embeddable":true,"href":"https:\/\/gerama.ch\/de\/wp-json\/wp\/v2\/property_area?post=1319444"},{"taxonomy":"property_county_state","embeddable":true,"href":"https:\/\/gerama.ch\/de\/wp-json\/wp\/v2\/property_county_state?post=1319444"},{"taxonomy":"property_features","embeddable":true,"href":"https:\/\/gerama.ch\/de\/wp-json\/wp\/v2\/property_features?post=1319444"},{"taxonomy":"property_status","embeddable":true,"href":"https:\/\/gerama.ch\/de\/wp-json\/wp\/v2\/property_status?post=1319444"}],"curies":[{"name":"wp","href":"https:\/\/api.w.org\/{rel}","templated":true}]}}

Appartement 4,5 pièces à Beauregard

<p>Le logement est situé proche du centre ville, à 5 minutes à pied de la gare</p>
<p> Hall d&#8217;entrée avec armoires murales<br /> Cuisine agencée ouverte sur le séjour (parquet)<br /> 4 chambres (parquet)<br /> Salle de douche avec WC<br /> Salle de bains avec baignoire et WC<br /> Balcon A louer selon disponibilité :<br /> Place de parc intérieure Fr. 120.&#8211;<br /> (n&#8217;est pas compris dans le loyer)</p>
<p> Die Liegenschaft befindet sich in der Nähe des Bahnhofes und verschiedene Einkaufsmöglichkeiten sind rasch erreichbar.</p>
<p> In der Wohnung können Sie folgendes vorfinden:</p>
<p> Eingangsbereich mit Wandschränken<br /> Offene Küche <br /> Wohnzimmer<br /> 4 Zimmer mit Parkett<br /> Badezimmer mit Badewanne und WC separat<br /> Badezimmer mit Dusche<br /> Balkon</p>
<p> Zu vermieten nach Verfügbarkeit:<br /> Innenparkplatz CHF 120.-</p>

<p>Le logement est situé proche du centre ville, à 5 minutes à pied de la gare Hall d&#8217;entrée avec armoires murales Cuisine agencée ouverte sur le séjour (parquet) 4 chambres (parquet) Salle de douche avec WC Salle de bains avec baignoire et WC Balcon A louer selon disponibilité : Place de parc intérieure Fr. 120.&#8211; (n&#8217;est pas compris dans le loyer) Die Liegenschaft befindet &#8230;</p>

<!-- This site is optimized with the Yoast SEO plugin v27.4 - https://yoast.com/product/yoast-seo-wordpress/ -->
<title>Appartement 4,5 pièces à Beauregard &#8211; MIETEN Wohnungen &#8211; Fribourg &#8211; Freiburg &#8211; Gerama</title>
<meta name="robots" content="index, follow, max-snippet:-1, max-image-preview:large, max-video-preview:-1" />
<link rel="canonical" href="https://gerama.ch/de/estate_property-de/01-001091-011401-de/" />
<meta property="og:locale" content="de_DE" />
<meta property="og:type" content="article" />
<meta property="og:title" content="Appartement 4,5 pièces à Beauregard &#8211; MIETEN Wohnungen &#8211; Fribourg &#8211; Freiburg &#8211; Gerama" />
<meta property="og:description" content="Le logement est situé proche du centre ville, à 5 minutes à pied de la gare Hall d&#8217;entrée avec armoires murales Cuisine agencée ouverte sur le séjour (parquet) 4 chambres (parquet) Salle de douche avec WC Salle de bains avec baignoire et WC Balcon A louer selon disponibilité : Place de parc intérieure Fr. 120.&#8211; (n&#8217;est pas compris dans le loyer) Die Liegenschaft befindet ..." />
<meta property="og:url" content="https://gerama.ch/de/estate_property-de/01-001091-011401-de/" />
<meta property="og:site_name" content="Gerama" />
<meta property="article:publisher" content="https://www.latest.facebook.com/geramaag/" />
<meta name="twitter:card" content="summary_large_image" />
<meta name="twitter:label1" content="Geschätzte Lesezeit" />
	<meta name="twitter:data1" content="1 Minute" />
<script type="application/ld+json" class="yoast-schema-graph">{"@context":"https:\/\/schema.org","@graph":[{"@type":["WebPage","RealEstateListing"],"@id":"https:\/\/gerama.ch\/de\/estate_property-de\/01-001091-011401-de\/","url":"https:\/\/gerama.ch\/de\/estate_property-de\/01-001091-011401-de\/","name":"Appartement 4,5 pièces à Beauregard &#8211; MIETEN Wohnungen &#8211; Fribourg &#8211; Freiburg &#8211; Gerama","isPartOf":{"@id":"https:\/\/gerama.ch\/de\/#website"},"primaryImageOfPage":{"@id":"https:\/\/gerama.ch\/de\/estate_property-de\/01-001091-011401-de\/#primaryimage"},"image":{"@id":"https:\/\/gerama.ch\/de\/estate_property-de\/01-001091-011401-de\/#primaryimage"},"thumbnailUrl":"https:\/\/gerama.ch\/wp-content\/uploads\/2026\/03\/ff0000000018208950.jpg","datePublished":"2026-03-13T23:56:50+00:00","breadcrumb":{"@id":"https:\/\/gerama.ch\/de\/estate_property-de\/01-001091-011401-de\/#breadcrumb"},"inLanguage":"de","potentialAction":[{"@type":"ReadAction","target":["https:\/\/gerama.ch\/de\/estate_property-de\/01-001091-011401-de\/"]}]},{"@type":"ImageObject","inLanguage":"de","@id":"https:\/\/gerama.ch\/de\/estate_property-de\/01-001091-011401-de\/#primaryimage","url":"https:\/\/gerama.ch\/wp-content\/uploads\/2026\/03\/ff0000000018208950.jpg","contentUrl":"https:\/\/gerama.ch\/wp-content\/uploads\/2026\/03\/ff0000000018208950.jpg","width":1125,"height":1500},{"@type":"BreadcrumbList","@id":"https:\/\/gerama.ch\/de\/estate_property-de\/01-001091-011401-de\/#breadcrumb","itemListElement":[{"@type":"ListItem","position":1,"name":"Accueil","item":"https:\/\/gerama.ch\/de\/gerama-immobilien-freiburg-mieten-kaufen\/"},{"@type":"ListItem","position":2,"name":"Eigenschaften","item":"https:\/\/gerama.ch\/de\/estate_property-de\/"},{"@type":"ListItem","position":3,"name":"Appartement 4,5 pièces à Beauregard"}]},{"@type":"WebSite","@id":"https:\/\/gerama.ch\/de\/#website","url":"https:\/\/gerama.ch\/de\/","name":"Gerama","description":"","publisher":{"@id":"https:\/\/gerama.ch\/de\/#organization"},"potentialAction":[{"@type":"SearchAction","target":{"@type":"EntryPoint","urlTemplate":"https:\/\/gerama.ch\/de\/?s={search_term_string}"},"query-input":{"@type":"PropertyValueSpecification","valueRequired":true,"valueName":"search_term_string"}}],"inLanguage":"de"},{"@type":"Organization","@id":"https:\/\/gerama.ch\/de\/#organization","name":"Gerama Immobilier Immobilien","url":"https:\/\/gerama.ch\/de\/","logo":{"@type":"ImageObject","inLanguage":"de","@id":"https:\/\/gerama.ch\/de\/#\/schema\/logo\/image\/","url":"https:\/\/gerama.ch\/wp-content\/uploads\/2020\/05\/logoSmall.png","contentUrl":"https:\/\/gerama.ch\/wp-content\/uploads\/2020\/05\/logoSmall.png","width":150,"height":74,"caption":"Gerama Immobilier Immobilien"},"image":{"@id":"https:\/\/gerama.ch\/de\/#\/schema\/logo\/image\/"},"sameAs":["https:\/\/www.latest.facebook.com\/geramaag\/","https:\/\/www.youtube.com\/@geramaimmobilier3471","https:\/\/www.linkedin.com\/company\/gerama\/posts\/?feedView=all","https:\/\/www.instagram.com\/geramaimmobilier\/"]}]}</script>
<!-- / Yoast SEO plugin. -->

Appartement 4,5 pièces à Beauregard &#8211; MIETEN Wohnungen &#8211; Fribourg &#8211; Freiburg &#8211; Gerama

Le logement est situé proche du centre ville, à 5 minutes à pied de la gare Hall d&#8217;entrée avec armoires murales Cuisine agencée ouverte sur le séjour (parquet) 4 chambres (parquet) Salle de douche avec WC Salle de bains avec baignoire et WC Balcon A louer selon disponibilité : Place de parc intérieure Fr. 120.&#8211; (n&#8217;est pas compris dans le loyer) Die Liegenschaft befindet ...
