{"id":1323812,"date":"2026-04-25T00:26:33","date_gmt":"2026-04-24T22:26:33","guid":{"rendered":"https:\/\/gerama.ch\/estate_property\/01-003504-011553-de\/"},"modified":"2026-04-25T00:26:33","modified_gmt":"2026-04-24T22:26:33","slug":"01-003504-011553-de","status":"publish","type":"estate_property","link":"https:\/\/gerama.ch\/de\/estate_property-de\/01-003504-011553-de\/","title":{"rendered":"Appartement moderne 3.5 pi\u00e8ces \u00e0 Perolles"},"content":{"rendered":"<p>Le logement se situe dans le quartier de P\u00e9rolles. Situation id\u00e9ale, \u00e0 proximit\u00e9 des lignes de bus, des commerces, des restaurants, ainsi que de toutes autres commodit\u00e9s. La gare CFF est \u00e0 10min \u00e0 pied.<\/p>\n<p> Pour votre confort, cet appartement moderne dispose de :<\/p>\n<p> &#8211; Hall d&#8217;entr\u00e9e avec armoires murales et interphone<br \/> &#8211; Cuisine agenc\u00e9e avec lave-vaisselle et vitro-c\u00e9ram, coin \u00e0 manger<br \/> &#8211; S\u00e9jour (rev\u00eatement parquet) avec loggia <br \/> &#8211; 2 chambres avec rev\u00eatement parquet<br \/> &#8211; Salle de bains avec baignoire et colonne de lavage<br \/> &#8211; WC s\u00e9par\u00e9<\/p>\n<p> A louer selon disponibilit\u00e9 :<br \/> &#8211; Place de parc int\u00e9rieure CHF 120.00<\/p>\n","protected":false},"excerpt":{"rendered":"<p>Le logement se situe dans le quartier de P\u00e9rolles. Situation id\u00e9ale, \u00e0 proximit\u00e9 des lignes de bus, des commerces, des restaurants, ainsi que de toutes autres commodit\u00e9s. La gare CFF est \u00e0 10min \u00e0 pied. Pour votre confort, cet appartement moderne dispose de : &#8211; Hall d&#8217;entr\u00e9e avec armoires murales et interphone &#8211; Cuisine agenc\u00e9e avec lave-vaisselle et vitro-c\u00e9ram, coin \u00e0 manger &#8211; S\u00e9jour &#8230;<\/p>\n","protected":false},"featured_media":1323813,"comment_status":"closed","ping_status":"closed","template":"","property_category":[248],"property_action_category":[244],"property_city":[34],"property_area":[],"property_county_state":[1190],"property_features":[],"property_status":[],"class_list":["post-1323812","estate_property","type-estate_property","status-publish","has-post-thumbnail","hentry","property_category-wohnungen","property_action_category-mieten","property_city-fribourg","property_county_state-freiburg"],"yoast_head":"<!-- This site is optimized with the Yoast SEO plugin v27.4 - https:\/\/yoast.com\/product\/yoast-seo-wordpress\/ -->\n<title>Appartement moderne 3.5 pi\u00e8ces \u00e0 Perolles &#8211; MIETEN Wohnungen &#8211; Fribourg &#8211; Freiburg &#8211; Gerama<\/title>\n<meta name=\"robots\" content=\"index, follow, max-snippet:-1, max-image-preview:large, max-video-preview:-1\" \/>\n<link rel=\"canonical\" href=\"https:\/\/gerama.ch\/de\/estate_property-de\/01-003504-011553-de\/\" \/>\n<meta property=\"og:locale\" content=\"de_DE\" \/>\n<meta property=\"og:type\" content=\"article\" \/>\n<meta property=\"og:title\" content=\"Appartement moderne 3.5 pi\u00e8ces \u00e0 Perolles &#8211; MIETEN Wohnungen &#8211; Fribourg &#8211; Freiburg &#8211; Gerama\" \/>\n<meta property=\"og:description\" content=\"Le logement se situe dans le quartier de P\u00e9rolles. Situation id\u00e9ale, \u00e0 proximit\u00e9 des lignes de bus, des commerces, des restaurants, ainsi que de toutes autres commodit\u00e9s. La gare CFF est \u00e0 10min \u00e0 pied. Pour votre confort, cet appartement moderne dispose de : &#8211; Hall d&#8217;entr\u00e9e avec armoires murales et interphone &#8211; Cuisine agenc\u00e9e avec lave-vaisselle et vitro-c\u00e9ram, coin \u00e0 manger &#8211; S\u00e9jour ...\" \/>\n<meta property=\"og:url\" content=\"https:\/\/gerama.ch\/de\/estate_property-de\/01-003504-011553-de\/\" \/>\n<meta property=\"og:site_name\" content=\"Gerama\" \/>\n<meta property=\"article:publisher\" content=\"https:\/\/www.latest.facebook.com\/geramaag\/\" \/>\n<meta name=\"twitter:card\" content=\"summary_large_image\" \/>\n<meta name=\"twitter:label1\" content=\"Gesch\u00e4tzte Lesezeit\" \/>\n\t<meta name=\"twitter:data1\" content=\"1\u00a0Minute\" \/>\n<script type=\"application\/ld+json\" class=\"yoast-schema-graph\">{\"@context\":\"https:\\\/\\\/schema.org\",\"@graph\":[{\"@type\":[\"WebPage\",\"RealEstateListing\"],\"@id\":\"https:\\\/\\\/gerama.ch\\\/de\\\/estate_property-de\\\/01-003504-011553-de\\\/\",\"url\":\"https:\\\/\\\/gerama.ch\\\/de\\\/estate_property-de\\\/01-003504-011553-de\\\/\",\"name\":\"Appartement moderne 3.5 pi\u00e8ces \u00e0 Perolles &#8211; MIETEN Wohnungen &#8211; Fribourg &#8211; Freiburg &#8211; Gerama\",\"isPartOf\":{\"@id\":\"https:\\\/\\\/gerama.ch\\\/de\\\/#website\"},\"primaryImageOfPage\":{\"@id\":\"https:\\\/\\\/gerama.ch\\\/de\\\/estate_property-de\\\/01-003504-011553-de\\\/#primaryimage\"},\"image\":{\"@id\":\"https:\\\/\\\/gerama.ch\\\/de\\\/estate_property-de\\\/01-003504-011553-de\\\/#primaryimage\"},\"thumbnailUrl\":\"https:\\\/\\\/gerama.ch\\\/wp-content\\\/uploads\\\/2026\\\/04\\\/ff0000000031939592.jpg\",\"datePublished\":\"2026-04-24T22:26:33+00:00\",\"breadcrumb\":{\"@id\":\"https:\\\/\\\/gerama.ch\\\/de\\\/estate_property-de\\\/01-003504-011553-de\\\/#breadcrumb\"},\"inLanguage\":\"de\",\"potentialAction\":[{\"@type\":\"ReadAction\",\"target\":[\"https:\\\/\\\/gerama.ch\\\/de\\\/estate_property-de\\\/01-003504-011553-de\\\/\"]}]},{\"@type\":\"ImageObject\",\"inLanguage\":\"de\",\"@id\":\"https:\\\/\\\/gerama.ch\\\/de\\\/estate_property-de\\\/01-003504-011553-de\\\/#primaryimage\",\"url\":\"https:\\\/\\\/gerama.ch\\\/wp-content\\\/uploads\\\/2026\\\/04\\\/ff0000000031939592.jpg\",\"contentUrl\":\"https:\\\/\\\/gerama.ch\\\/wp-content\\\/uploads\\\/2026\\\/04\\\/ff0000000031939592.jpg\",\"width\":336,\"height\":448},{\"@type\":\"BreadcrumbList\",\"@id\":\"https:\\\/\\\/gerama.ch\\\/de\\\/estate_property-de\\\/01-003504-011553-de\\\/#breadcrumb\",\"itemListElement\":[{\"@type\":\"ListItem\",\"position\":1,\"name\":\"Accueil\",\"item\":\"https:\\\/\\\/gerama.ch\\\/de\\\/gerama-immobilien-freiburg-mieten-kaufen\\\/\"},{\"@type\":\"ListItem\",\"position\":2,\"name\":\"Eigenschaften\",\"item\":\"https:\\\/\\\/gerama.ch\\\/de\\\/estate_property-de\\\/\"},{\"@type\":\"ListItem\",\"position\":3,\"name\":\"Appartement moderne 3.5 pi\u00e8ces \u00e0 Perolles\"}]},{\"@type\":\"WebSite\",\"@id\":\"https:\\\/\\\/gerama.ch\\\/de\\\/#website\",\"url\":\"https:\\\/\\\/gerama.ch\\\/de\\\/\",\"name\":\"Gerama\",\"description\":\"\",\"publisher\":{\"@id\":\"https:\\\/\\\/gerama.ch\\\/de\\\/#organization\"},\"potentialAction\":[{\"@type\":\"SearchAction\",\"target\":{\"@type\":\"EntryPoint\",\"urlTemplate\":\"https:\\\/\\\/gerama.ch\\\/de\\\/?s={search_term_string}\"},\"query-input\":{\"@type\":\"PropertyValueSpecification\",\"valueRequired\":true,\"valueName\":\"search_term_string\"}}],\"inLanguage\":\"de\"},{\"@type\":\"Organization\",\"@id\":\"https:\\\/\\\/gerama.ch\\\/de\\\/#organization\",\"name\":\"Gerama Immobilier Immobilien\",\"url\":\"https:\\\/\\\/gerama.ch\\\/de\\\/\",\"logo\":{\"@type\":\"ImageObject\",\"inLanguage\":\"de\",\"@id\":\"https:\\\/\\\/gerama.ch\\\/de\\\/#\\\/schema\\\/logo\\\/image\\\/\",\"url\":\"https:\\\/\\\/gerama.ch\\\/wp-content\\\/uploads\\\/2020\\\/05\\\/logoSmall.png\",\"contentUrl\":\"https:\\\/\\\/gerama.ch\\\/wp-content\\\/uploads\\\/2020\\\/05\\\/logoSmall.png\",\"width\":150,\"height\":74,\"caption\":\"Gerama Immobilier Immobilien\"},\"image\":{\"@id\":\"https:\\\/\\\/gerama.ch\\\/de\\\/#\\\/schema\\\/logo\\\/image\\\/\"},\"sameAs\":[\"https:\\\/\\\/www.latest.facebook.com\\\/geramaag\\\/\",\"https:\\\/\\\/www.youtube.com\\\/@geramaimmobilier3471\",\"https:\\\/\\\/www.linkedin.com\\\/company\\\/gerama\\\/posts\\\/?feedView=all\",\"https:\\\/\\\/www.instagram.com\\\/geramaimmobilier\\\/\"]}]}<\/script>\n<!-- \/ Yoast SEO plugin. -->","yoast_head_json":{"title":"Appartement moderne 3.5 pi\u00e8ces \u00e0 Perolles &#8211; MIETEN Wohnungen &#8211; Fribourg &#8211; Freiburg &#8211; Gerama","robots":{"index":"index","follow":"follow","max-snippet":"max-snippet:-1","max-image-preview":"max-image-preview:large","max-video-preview":"max-video-preview:-1"},"canonical":"https:\/\/gerama.ch\/de\/estate_property-de\/01-003504-011553-de\/","og_locale":"de_DE","og_type":"article","og_title":"Appartement moderne 3.5 pi\u00e8ces \u00e0 Perolles &#8211; MIETEN Wohnungen &#8211; Fribourg &#8211; Freiburg &#8211; Gerama","og_description":"Le logement se situe dans le quartier de P\u00e9rolles. Situation id\u00e9ale, \u00e0 proximit\u00e9 des lignes de bus, des commerces, des restaurants, ainsi que de toutes autres commodit\u00e9s. La gare CFF est \u00e0 10min \u00e0 pied. Pour votre confort, cet appartement moderne dispose de : &#8211; Hall d&#8217;entr\u00e9e avec armoires murales et interphone &#8211; Cuisine agenc\u00e9e avec lave-vaisselle et vitro-c\u00e9ram, coin \u00e0 manger &#8211; S\u00e9jour ...","og_url":"https:\/\/gerama.ch\/de\/estate_property-de\/01-003504-011553-de\/","og_site_name":"Gerama","article_publisher":"https:\/\/www.latest.facebook.com\/geramaag\/","twitter_card":"summary_large_image","twitter_misc":{"Gesch\u00e4tzte Lesezeit":"1\u00a0Minute"},"schema":{"@context":"https:\/\/schema.org","@graph":[{"@type":["WebPage","RealEstateListing"],"@id":"https:\/\/gerama.ch\/de\/estate_property-de\/01-003504-011553-de\/","url":"https:\/\/gerama.ch\/de\/estate_property-de\/01-003504-011553-de\/","name":"Appartement moderne 3.5 pi\u00e8ces \u00e0 Perolles &#8211; MIETEN Wohnungen &#8211; Fribourg &#8211; Freiburg &#8211; Gerama","isPartOf":{"@id":"https:\/\/gerama.ch\/de\/#website"},"primaryImageOfPage":{"@id":"https:\/\/gerama.ch\/de\/estate_property-de\/01-003504-011553-de\/#primaryimage"},"image":{"@id":"https:\/\/gerama.ch\/de\/estate_property-de\/01-003504-011553-de\/#primaryimage"},"thumbnailUrl":"https:\/\/gerama.ch\/wp-content\/uploads\/2026\/04\/ff0000000031939592.jpg","datePublished":"2026-04-24T22:26:33+00:00","breadcrumb":{"@id":"https:\/\/gerama.ch\/de\/estate_property-de\/01-003504-011553-de\/#breadcrumb"},"inLanguage":"de","potentialAction":[{"@type":"ReadAction","target":["https:\/\/gerama.ch\/de\/estate_property-de\/01-003504-011553-de\/"]}]},{"@type":"ImageObject","inLanguage":"de","@id":"https:\/\/gerama.ch\/de\/estate_property-de\/01-003504-011553-de\/#primaryimage","url":"https:\/\/gerama.ch\/wp-content\/uploads\/2026\/04\/ff0000000031939592.jpg","contentUrl":"https:\/\/gerama.ch\/wp-content\/uploads\/2026\/04\/ff0000000031939592.jpg","width":336,"height":448},{"@type":"BreadcrumbList","@id":"https:\/\/gerama.ch\/de\/estate_property-de\/01-003504-011553-de\/#breadcrumb","itemListElement":[{"@type":"ListItem","position":1,"name":"Accueil","item":"https:\/\/gerama.ch\/de\/gerama-immobilien-freiburg-mieten-kaufen\/"},{"@type":"ListItem","position":2,"name":"Eigenschaften","item":"https:\/\/gerama.ch\/de\/estate_property-de\/"},{"@type":"ListItem","position":3,"name":"Appartement moderne 3.5 pi\u00e8ces \u00e0 Perolles"}]},{"@type":"WebSite","@id":"https:\/\/gerama.ch\/de\/#website","url":"https:\/\/gerama.ch\/de\/","name":"Gerama","description":"","publisher":{"@id":"https:\/\/gerama.ch\/de\/#organization"},"potentialAction":[{"@type":"SearchAction","target":{"@type":"EntryPoint","urlTemplate":"https:\/\/gerama.ch\/de\/?s={search_term_string}"},"query-input":{"@type":"PropertyValueSpecification","valueRequired":true,"valueName":"search_term_string"}}],"inLanguage":"de"},{"@type":"Organization","@id":"https:\/\/gerama.ch\/de\/#organization","name":"Gerama Immobilier Immobilien","url":"https:\/\/gerama.ch\/de\/","logo":{"@type":"ImageObject","inLanguage":"de","@id":"https:\/\/gerama.ch\/de\/#\/schema\/logo\/image\/","url":"https:\/\/gerama.ch\/wp-content\/uploads\/2020\/05\/logoSmall.png","contentUrl":"https:\/\/gerama.ch\/wp-content\/uploads\/2020\/05\/logoSmall.png","width":150,"height":74,"caption":"Gerama Immobilier Immobilien"},"image":{"@id":"https:\/\/gerama.ch\/de\/#\/schema\/logo\/image\/"},"sameAs":["https:\/\/www.latest.facebook.com\/geramaag\/","https:\/\/www.youtube.com\/@geramaimmobilier3471","https:\/\/www.linkedin.com\/company\/gerama\/posts\/?feedView=all","https:\/\/www.instagram.com\/geramaimmobilier\/"]}]}},"_links":{"self":[{"href":"https:\/\/gerama.ch\/de\/wp-json\/wp\/v2\/estate_property\/1323812","targetHints":{"allow":["GET"]}}],"collection":[{"href":"https:\/\/gerama.ch\/de\/wp-json\/wp\/v2\/estate_property"}],"about":[{"href":"https:\/\/gerama.ch\/de\/wp-json\/wp\/v2\/types\/estate_property"}],"replies":[{"embeddable":true,"href":"https:\/\/gerama.ch\/de\/wp-json\/wp\/v2\/comments?post=1323812"}],"wp:featuredmedia":[{"embeddable":true,"href":"https:\/\/gerama.ch\/de\/wp-json\/wp\/v2\/media\/1323813"}],"wp:attachment":[{"href":"https:\/\/gerama.ch\/de\/wp-json\/wp\/v2\/media?parent=1323812"}],"wp:term":[{"taxonomy":"property_category","embeddable":true,"href":"https:\/\/gerama.ch\/de\/wp-json\/wp\/v2\/property_category?post=1323812"},{"taxonomy":"property_action_category","embeddable":true,"href":"https:\/\/gerama.ch\/de\/wp-json\/wp\/v2\/property_action_category?post=1323812"},{"taxonomy":"property_city","embeddable":true,"href":"https:\/\/gerama.ch\/de\/wp-json\/wp\/v2\/property_city?post=1323812"},{"taxonomy":"property_area","embeddable":true,"href":"https:\/\/gerama.ch\/de\/wp-json\/wp\/v2\/property_area?post=1323812"},{"taxonomy":"property_county_state","embeddable":true,"href":"https:\/\/gerama.ch\/de\/wp-json\/wp\/v2\/property_county_state?post=1323812"},{"taxonomy":"property_features","embeddable":true,"href":"https:\/\/gerama.ch\/de\/wp-json\/wp\/v2\/property_features?post=1323812"},{"taxonomy":"property_status","embeddable":true,"href":"https:\/\/gerama.ch\/de\/wp-json\/wp\/v2\/property_status?post=1323812"}],"curies":[{"name":"wp","href":"https:\/\/api.w.org\/{rel}","templated":true}]}}

Appartement moderne 3.5 pièces à Perolles

<p>Le logement se situe dans le quartier de Pérolles. Situation idéale, à proximité des lignes de bus, des commerces, des restaurants, ainsi que de toutes autres commodités. La gare CFF est à 10min à pied.</p>
<p> Pour votre confort, cet appartement moderne dispose de :</p>
<p> &#8211; Hall d&#8217;entrée avec armoires murales et interphone<br /> &#8211; Cuisine agencée avec lave-vaisselle et vitro-céram, coin à manger<br /> &#8211; Séjour (revêtement parquet) avec loggia <br /> &#8211; 2 chambres avec revêtement parquet<br /> &#8211; Salle de bains avec baignoire et colonne de lavage<br /> &#8211; WC séparé</p>
<p> A louer selon disponibilité :<br /> &#8211; Place de parc intérieure CHF 120.00</p>

<p>Le logement se situe dans le quartier de Pérolles. Situation idéale, à proximité des lignes de bus, des commerces, des restaurants, ainsi que de toutes autres commodités. La gare CFF est à 10min à pied. Pour votre confort, cet appartement moderne dispose de : &#8211; Hall d&#8217;entrée avec armoires murales et interphone &#8211; Cuisine agencée avec lave-vaisselle et vitro-céram, coin à manger &#8211; Séjour &#8230;</p>

<!-- This site is optimized with the Yoast SEO plugin v27.4 - https://yoast.com/product/yoast-seo-wordpress/ -->
<title>Appartement moderne 3.5 pièces à Perolles &#8211; MIETEN Wohnungen &#8211; Fribourg &#8211; Freiburg &#8211; Gerama</title>
<meta name="robots" content="index, follow, max-snippet:-1, max-image-preview:large, max-video-preview:-1" />
<link rel="canonical" href="https://gerama.ch/de/estate_property-de/01-003504-011553-de/" />
<meta property="og:locale" content="de_DE" />
<meta property="og:type" content="article" />
<meta property="og:title" content="Appartement moderne 3.5 pièces à Perolles &#8211; MIETEN Wohnungen &#8211; Fribourg &#8211; Freiburg &#8211; Gerama" />
<meta property="og:description" content="Le logement se situe dans le quartier de Pérolles. Situation idéale, à proximité des lignes de bus, des commerces, des restaurants, ainsi que de toutes autres commodités. La gare CFF est à 10min à pied. Pour votre confort, cet appartement moderne dispose de : &#8211; Hall d&#8217;entrée avec armoires murales et interphone &#8211; Cuisine agencée avec lave-vaisselle et vitro-céram, coin à manger &#8211; Séjour ..." />
<meta property="og:url" content="https://gerama.ch/de/estate_property-de/01-003504-011553-de/" />
<meta property="og:site_name" content="Gerama" />
<meta property="article:publisher" content="https://www.latest.facebook.com/geramaag/" />
<meta name="twitter:card" content="summary_large_image" />
<meta name="twitter:label1" content="Geschätzte Lesezeit" />
	<meta name="twitter:data1" content="1 Minute" />
<script type="application/ld+json" class="yoast-schema-graph">{"@context":"https:\/\/schema.org","@graph":[{"@type":["WebPage","RealEstateListing"],"@id":"https:\/\/gerama.ch\/de\/estate_property-de\/01-003504-011553-de\/","url":"https:\/\/gerama.ch\/de\/estate_property-de\/01-003504-011553-de\/","name":"Appartement moderne 3.5 pièces à Perolles &#8211; MIETEN Wohnungen &#8211; Fribourg &#8211; Freiburg &#8211; Gerama","isPartOf":{"@id":"https:\/\/gerama.ch\/de\/#website"},"primaryImageOfPage":{"@id":"https:\/\/gerama.ch\/de\/estate_property-de\/01-003504-011553-de\/#primaryimage"},"image":{"@id":"https:\/\/gerama.ch\/de\/estate_property-de\/01-003504-011553-de\/#primaryimage"},"thumbnailUrl":"https:\/\/gerama.ch\/wp-content\/uploads\/2026\/04\/ff0000000031939592.jpg","datePublished":"2026-04-24T22:26:33+00:00","breadcrumb":{"@id":"https:\/\/gerama.ch\/de\/estate_property-de\/01-003504-011553-de\/#breadcrumb"},"inLanguage":"de","potentialAction":[{"@type":"ReadAction","target":["https:\/\/gerama.ch\/de\/estate_property-de\/01-003504-011553-de\/"]}]},{"@type":"ImageObject","inLanguage":"de","@id":"https:\/\/gerama.ch\/de\/estate_property-de\/01-003504-011553-de\/#primaryimage","url":"https:\/\/gerama.ch\/wp-content\/uploads\/2026\/04\/ff0000000031939592.jpg","contentUrl":"https:\/\/gerama.ch\/wp-content\/uploads\/2026\/04\/ff0000000031939592.jpg","width":336,"height":448},{"@type":"BreadcrumbList","@id":"https:\/\/gerama.ch\/de\/estate_property-de\/01-003504-011553-de\/#breadcrumb","itemListElement":[{"@type":"ListItem","position":1,"name":"Accueil","item":"https:\/\/gerama.ch\/de\/gerama-immobilien-freiburg-mieten-kaufen\/"},{"@type":"ListItem","position":2,"name":"Eigenschaften","item":"https:\/\/gerama.ch\/de\/estate_property-de\/"},{"@type":"ListItem","position":3,"name":"Appartement moderne 3.5 pièces à Perolles"}]},{"@type":"WebSite","@id":"https:\/\/gerama.ch\/de\/#website","url":"https:\/\/gerama.ch\/de\/","name":"Gerama","description":"","publisher":{"@id":"https:\/\/gerama.ch\/de\/#organization"},"potentialAction":[{"@type":"SearchAction","target":{"@type":"EntryPoint","urlTemplate":"https:\/\/gerama.ch\/de\/?s={search_term_string}"},"query-input":{"@type":"PropertyValueSpecification","valueRequired":true,"valueName":"search_term_string"}}],"inLanguage":"de"},{"@type":"Organization","@id":"https:\/\/gerama.ch\/de\/#organization","name":"Gerama Immobilier Immobilien","url":"https:\/\/gerama.ch\/de\/","logo":{"@type":"ImageObject","inLanguage":"de","@id":"https:\/\/gerama.ch\/de\/#\/schema\/logo\/image\/","url":"https:\/\/gerama.ch\/wp-content\/uploads\/2020\/05\/logoSmall.png","contentUrl":"https:\/\/gerama.ch\/wp-content\/uploads\/2020\/05\/logoSmall.png","width":150,"height":74,"caption":"Gerama Immobilier Immobilien"},"image":{"@id":"https:\/\/gerama.ch\/de\/#\/schema\/logo\/image\/"},"sameAs":["https:\/\/www.latest.facebook.com\/geramaag\/","https:\/\/www.youtube.com\/@geramaimmobilier3471","https:\/\/www.linkedin.com\/company\/gerama\/posts\/?feedView=all","https:\/\/www.instagram.com\/geramaimmobilier\/"]}]}</script>
<!-- / Yoast SEO plugin. -->

Appartement moderne 3.5 pièces à Perolles &#8211; MIETEN Wohnungen &#8211; Fribourg &#8211; Freiburg &#8211; Gerama

Le logement se situe dans le quartier de Pérolles. Situation idéale, à proximité des lignes de bus, des commerces, des restaurants, ainsi que de toutes autres commodités. La gare CFF est à 10min à pied. Pour votre confort, cet appartement moderne dispose de : &#8211; Hall d&#8217;entrée avec armoires murales et interphone &#8211; Cuisine agencée avec lave-vaisselle et vitro-céram, coin à manger &#8211; Séjour ...
